{"id":22,"date":"2011-11-13T12:18:54","date_gmt":"2011-11-13T12:18:54","guid":{"rendered":"http:\/\/www.ciaobella.fr\/site\/?page_id=22"},"modified":"2019-09-16T18:42:57","modified_gmt":"2019-09-16T17:42:57","slug":"biographie-2015","status":"publish","type":"page","link":"http:\/\/www.ciaobella.fr\/site\/biographie-2015\/","title":{"rendered":"Biographie Pink lady (2015)"},"content":{"rendered":"<div id=\"tdi_1\" class=\"tdc-row\"><div class=\"vc_row tdi_2  wpb_row td-pb-row\" >\n<style scoped>\n\n\/* custom css *\/\n.tdi_2,\r\n                .tdi_2 .tdc-columns{\r\n                    min-height: 0;\r\n                }.tdi_2,\r\n\t\t\t\t.tdi_2 .tdc-columns{\r\n\t\t\t\t    display: block;\r\n\t\t\t\t}.tdi_2 .tdc-columns{\r\n\t\t\t\t    width: 100%;\r\n\t\t\t\t}\n<\/style><div class=\"vc_column tdi_4  wpb_column vc_column_container tdc-column td-pb-span12\">\n<style scoped>\n\n\/* custom css *\/\n.tdi_4{\r\n                    vertical-align: baseline;\r\n                }.tdi_4 > .wpb_wrapper,\r\n\t\t\t\t.tdi_4 > .wpb_wrapper > .tdc-elements{\r\n\t\t\t\t    display: block;\r\n\t\t\t\t}.tdi_4 > .wpb_wrapper > .tdc-elements{\r\n\t\t\t\t    width: 100%;\r\n\t\t\t\t}.tdi_4 > .wpb_wrapper > .vc_row_inner{\r\n\t\t\t\t    width: auto;\r\n\t\t\t\t}.tdi_4 > .wpb_wrapper{\r\n\t\t\t\t    width: auto;\r\n\t\t\t\t    height: auto;\r\n\t\t\t\t}\n<\/style><div class=\"wpb_wrapper\">[vc_column_text]<div id=\"mega-menu-wrap-max_mega_menu_2\" class=\"mega-menu-wrap\"><div class=\"mega-menu-toggle\"><div class=\"mega-toggle-blocks-left\"><\/div><div class=\"mega-toggle-blocks-center\"><\/div><div class=\"mega-toggle-blocks-right\"><div class='mega-toggle-block mega-menu-toggle-block mega-toggle-block-1' id='mega-toggle-block-1' tabindex='0'><span class='mega-toggle-label' role='button' aria-expanded='false'><span class='mega-toggle-label-closed'>MENU<\/span><span class='mega-toggle-label-open'>MENU<\/span><\/span><\/div><\/div><\/div><ul id=\"mega-menu-max_mega_menu_2\" class=\"mega-menu max-mega-menu mega-menu-horizontal mega-no-js\" data-event=\"hover_intent\" data-effect=\"fade_up\" data-effect-speed=\"200\" data-effect-mobile=\"disabled\" data-effect-speed-mobile=\"0\" data-mobile-force-width=\"false\" data-second-click=\"go\" data-document-click=\"collapse\" data-vertical-behaviour=\"standard\" data-breakpoint=\"600\" data-unbind=\"true\" data-mobile-state=\"collapse_all\" data-hover-intent-timeout=\"300\" data-hover-intent-interval=\"100\"><li class='mega-menu-item mega-menu-item-type-post_type mega-menu-item-object-page mega-align-bottom-left mega-menu-flyout mega-menu-item-first mega-menu-item-12205' id='mega-menu-item-12205'><a class=\"mega-menu-link\" href=\"http:\/\/www.ciaobella.fr\/site\/biographie\/\" tabindex=\"0\">KEROSENE<\/a><\/li><li class='mega-menu-item mega-menu-item-type-post_type mega-menu-item-object-page mega-align-bottom-left mega-menu-flyout mega-menu-item-12209' id='mega-menu-item-12209'><a class=\"mega-menu-link\" href=\"http:\/\/www.ciaobella.fr\/site\/biographie-2015\/\" tabindex=\"0\">PINK LADY<\/a><\/li><li class='mega-menu-item mega-menu-item-type-post_type mega-menu-item-object-page mega-align-bottom-left mega-menu-flyout mega-menu-item-12206' id='mega-menu-item-12206'><a class=\"mega-menu-link\" href=\"http:\/\/www.ciaobella.fr\/site\/biographie-2013\/\" tabindex=\"0\">ET PUIS JUIN<\/a><\/li><li class='mega-menu-item mega-menu-item-type-post_type mega-menu-item-object-page mega-align-bottom-left mega-menu-flyout mega-menu-item-12208' id='mega-menu-item-12208'><a class=\"mega-menu-link\" href=\"http:\/\/www.ciaobella.fr\/site\/biographie-2009\/\" tabindex=\"0\">LES SOUVENIRS SOUS MA FRANGE<\/a><\/li><li class='mega-menu-item mega-menu-item-type-post_type mega-menu-item-object-page mega-align-bottom-left mega-menu-flyout mega-menu-item-12210' id='mega-menu-item-12210'><a class=\"mega-menu-link\" href=\"http:\/\/www.ciaobella.fr\/site\/biographie-2006\/\" tabindex=\"0\">ROSE<\/a><\/li><li class='mega-menu-item mega-menu-item-type-post_type mega-menu-item-object-page mega-align-bottom-left mega-menu-flyout mega-menu-item-12146' id='mega-menu-item-12146'><a class=\"mega-menu-link\" href=\"http:\/\/www.ciaobella.fr\/site\/biographie-infos\/\" tabindex=\"0\">PLUS D'INFOS<\/a><\/li><\/ul><\/div>[\/vc_column_text]<div class=\"wpb_wrapper td_block_empty_space td_block_wrap vc_empty_space tdi_6 \"  style=\"height: 32px\"><\/div><\/div><\/div><\/div><\/div><div id=\"tdi_7\" class=\"tdc-row\"><div class=\"vc_row tdi_8  wpb_row td-pb-row\" >\n<style scoped>\n\n\/* custom css *\/\n.tdi_8,\r\n                .tdi_8 .tdc-columns{\r\n                    min-height: 0;\r\n                }.tdi_8,\r\n\t\t\t\t.tdi_8 .tdc-columns{\r\n\t\t\t\t    display: block;\r\n\t\t\t\t}.tdi_8 .tdc-columns{\r\n\t\t\t\t    width: 100%;\r\n\t\t\t\t}\n<\/style><div class=\"vc_column tdi_10  wpb_column vc_column_container tdc-column td-pb-span12\">\n<style scoped>\n\n\/* custom css *\/\n.tdi_10{\r\n                    vertical-align: baseline;\r\n                }.tdi_10 > .wpb_wrapper,\r\n\t\t\t\t.tdi_10 > .wpb_wrapper > .tdc-elements{\r\n\t\t\t\t    display: block;\r\n\t\t\t\t}.tdi_10 > .wpb_wrapper > .tdc-elements{\r\n\t\t\t\t    width: 100%;\r\n\t\t\t\t}.tdi_10 > .wpb_wrapper > .vc_row_inner{\r\n\t\t\t\t    width: auto;\r\n\t\t\t\t}.tdi_10 > .wpb_wrapper{\r\n\t\t\t\t    width: auto;\r\n\t\t\t\t    height: auto;\r\n\t\t\t\t}\n<\/style><div class=\"wpb_wrapper\">[ucaddon_side_border_title text=\u00a0\u00bbPINK LADY (2015)\u00a0\u00bb bg_clr=\u00a0\u00bb#e13689&Prime; uc_fonts_data=\u00a0\u00bbJTdCJTdE\u00a0\u00bb]<div class=\"wpb_wrapper td_block_empty_space td_block_wrap vc_empty_space tdi_12 \"  style=\"height: 32px\"><\/div>[vc_column_text]\r\n<p style=\"text-align: justify;\">En nous donnant rendez-vous, Rose a dit \u00ab vous ne me reconna\u00eetrez pas, j\u2019ai pris dix ans depuis dix ans \u00bb. C\u2019\u00e9tait soit plein d\u2019autod\u00e9rision, soit bourr\u00e9 d\u2019humilit\u00e9. En fait, c\u2019\u00e9tait les deux. Rose n\u2019a pas boug\u00e9, m\u00eame acier dans le regard, m\u00eame allure de jeune fille, m\u00eame v\u00e9rit\u00e9 dans le rire. Pourtant, elle n\u2019a pas vraiment tort. Il y a quelque chose de chang\u00e9 chez la chanteuse qui, \u00e0 27 ans, nous ent\u00eatait avec La liste, en boucle dans les oreilles, en st\u00e9r\u00e9o dans la t\u00eate et celle qui nous entra\u00eene dans son nouvel album Pink Lady. Une touche plus rock, un air plus grave. Ce rose-l\u00e0 n\u2019est pas pastel, il est profond. En quelques ann\u00e9es, elle a d\u00e9tourn\u00e9 la couleur.<\/p>\r\n<p style=\"text-align: justify;\">Il faut dire qu\u2019entre temps, Rose a appris \u00e0 se conna\u00eetre. Assid\u00fbment, vraiment, \u00ab <em>un mardi par semaine<\/em> \u00bb. Si ce disque-l\u00e0 n\u2019a pas \u00e9t\u00e9 une th\u00e9rapie, il s\u2019est fait tout autour d\u2019elle. Cette d\u00e9marche, elle la d\u00e9roule pour nous, sur quelques titres. Pour laisser cet Avant derri\u00e8re, abandonner ces moments o\u00f9 Atone \u2013 vrai pivot de l\u2019opus \u2013 elle se laissait vivre des passages \u00e0 vide toujours plus denses, toujours plus longs, elle se penche sur elle, se d\u00e9cortique. C\u2019est contre-nature, \u00e7a fait souffrir, et un jour, vient la r\u00e9v\u00e9lation, ce sentiment d\u2019en avoir fini avec elle. \u00c0 la psy, elle dira, Je ne viendrai pas demain. \u00c0 croire qu\u2019\u00e0 27 ans, on fait des listes et qu\u2019\u00e0 37, on a les cl\u00e9s.<\/p>\r\n<p style=\"text-align: justify;\">Par moment, en l\u2019\u00e9coutant, on dirait que m\u00eame sa voix a m\u00fbri : un timbre un brin plus rauque, un ton plus \u00e9raill\u00e9 qui se casse l\u00e9g\u00e8rement mais ne brise pas. Si on osait jouer sur le terrain de ses jeux de mots, on dirait qu\u2019elle a trouv\u00e9 la voix de sa maturit\u00e9.<\/p>\r\n<p style=\"text-align: justify;\">Bien s\u00fbr, elle garde quelques bribes de contr\u00f4le et de m\u00e9lancolie, ses moteurs. Comme nous, elle compte toujours les jours, les calories, les clopes, l\u2019argent qu\u2019il lui faudrait pour vivre sans compter, les voyages qu\u2019elle ne fait pas. Je compte c\u2019est La liste qui aurait travers\u00e9 les ann\u00e9es. Les mots d\u00e9filent en rythme, mieux \u00e9crits, plus bas, moins chant\u00e9s. Elle y est moins midinette qui ne vit que pour l\u2019amour. Cette facette obscure, c\u2019est plus fort qu\u2019elle. \u00c7a tombe bien : ses imperfections, ses inconstances, la rendent plus vraie. Pour le comprendre, il suffit d\u2019\u00e9couter Pour \u00eatre deux qu\u2019elle chante en duo avec Jean-Louis Murat. En lisant le titre \u2013 et connaissant Rose\u2013 on pouvait s\u2019attendre \u00e0 une m\u00e9lodie du bonheur r\u00eav\u00e9 en couple. Non, elle a mal en tandem. Elle d\u00e9voile \u2013 presque dans un cri \u2013 l\u2019id\u00e9e inavouable que l\u2019on peut \u00eatre aussi amoureuse qu\u2019\u00e9go\u00efste : Je fais jamais assez de place pour tes douleurs en face. Elle a bien trop \u00e0 faire avec ses mis\u00e8res, mais elle apprend, comme nous. Cette ambivalence, se retrouve partout chez elle. Sous des airs doux, notre Pink lady n\u2019a rien de mielleux. Ce titre \u2013 le premier de tous \u2013 elle l\u2019a \u00e9crit un soir de r\u00e9veillon, seule au bar d\u2019un h\u00f4tel, o\u00f9 elle s\u2019est isol\u00e9e le temps de trouver l\u2019inspiration. Elle observe, So long island qu\u2019elle n\u2019a pas \u00e9crit. Elle s\u2019obstine, dans sa t\u00eate c\u2019est Bloody Mary. Se lance enfin et cr\u00e9e <strong>Pink Lady<\/strong>.<\/p>\r\n<p style=\"text-align: justify;\">En m\u00eame temps, sur la route d\u00e9gag\u00e9e de cet album, comme une \u00e9vidence, elle rencontre le r\u00e9alisateur Pierre Jaconelli (r\u00e9alisateur, guitariste, et arrangeur de Benjamin Biolay, Zazie, Pascal Obispo, ou encore Johnny Hallyday\u2026) qui habille les titres, qu\u2019elle a tous \u00e9crits. Elle s\u2019ouvre pour la premi\u00e8re fois \u00e0 un \u00e9change musical dense, avec des amis artistes et compositeurs tels que Medi, Loane, Auden ou Laurent Lamarca. Avec eux, elle renforce sa mani\u00e8re de travailler et cesse de se demander \u00ab jusqu\u2019o\u00f9 va aller ma chance ? \u00bb. Rose la saisit.<\/p>\r\n<p style=\"text-align: justify;\">Elle ne s\u2019excuse plus de n\u2019\u00eatre bonne qu\u2019\u00e0 \u00e7a ou d\u2019avoir une vie comme les autres. Viser l\u2019absolu, chercher le fantasme dans le bonheur, elle sait faire. Mais trouver que l\u2019id\u00e9al peut \u00eatre normal, le quotidien sans tr\u00e8s grands hauts et bas tr\u00e8s bas, elle d\u00e9couvre. Elle regarde l\u2019amour bancal en face, nomme les \u00e9checs par leur nom et s\u2019en lib\u00e8re du m\u00eame coup. D\u2019ailleurs, celle qui chantait beaucoup son monde dans ses pr\u00e9c\u00e9dents albums (la s\u00e9paration, le sombre con, le grand-p\u00e8re, la famille) s\u2019aventure \u00e0 raconter des histoires qui ne sont pas les siennes. Elle \u00e9crit sur les autres : la l\u00e2chet\u00e9 de l\u2019homme qui abandonne son foyer dans Maman est en bad ou de celui qui n\u2019a jamais os\u00e9 poursuivre ses r\u00eaves dans Partie Remise.<\/p>\r\n<p style=\"text-align: justify;\">A l\u2019\u00e9couter, on se dit qu\u2019un jour elle \u00e9crira des nouvelles, comme elle a nourri cet album, sans noircir des pages parce qu\u2019il le fallait. Avec la m\u00eame intelligence sociale, les m\u00eames phrases saillantes qui font que chacun s\u2019y reconnait. Rose sait \u00eatre dedans et dehors, c\u2019est sa force. Elle Twitte, Instagramme, Facebooke (verbe du 1er groupe) et mais ne manque pas de lucidit\u00e9 et de distance quand elle en parle dans son tr\u00e8s actuel Je de soci\u00e9t\u00e9.<\/p>\r\n<p style=\"text-align: justify;\">Rose, c\u2019est l\u2019histoire id\u00e9ale d\u2019une fille qui mettait des \u00ab si \u00bb partout et qui maintenant dit \u00ab en vrai \u00bb tout le temps. Finies, les proph\u00e9ties. Aujourd\u2019hui elle transforme ce qu\u2019elle a toujours eu entre les mains : \u00ab C\u2019est comme si j\u2019avais de nouvelles cartes alors qu\u2019en vrai c\u2019est le m\u00eame jeu \u00bb, confie-t-elle au moment de se quitter. C\u2019est sans doute pour \u00e7a que cet album est le plus abouti de tous.<\/p>\r\n[\/vc_column_text]<\/div><\/div><\/div><\/div>","protected":false},"excerpt":{"rendered":"[vc_column_text]MENUMENUKEROSENEPINK LADYET PUIS JUINLES SOUVENIRS SOUS MA FRANGEROSEPLUS D'INFOS[\/vc_column_text] [ucaddon_side_border_title text=\"PINK LADY (2015)\" bg_clr=\"#e13689\" uc_fonts_data=\"JTdCJTdE\"][vc_column_text] En nous donnant rendez-vous, Rose a dit \u00ab vous ne me reconna\u00eetrez pas, j\u2019ai pris dix ans depuis dix ans \u00bb. C\u2019\u00e9tait soit plein d\u2019autod\u00e9rision, soit bourr\u00e9 d\u2019humilit\u00e9. En fait, c\u2019\u00e9tait les deux. Rose n\u2019a pas boug\u00e9, m\u00eame acier dans [...]","protected":false},"author":2,"featured_media":6289,"parent":0,"menu_order":0,"comment_status":"closed","ping_status":"closed","template":"","meta":[],"_links":{"self":[{"href":"http:\/\/www.ciaobella.fr\/site\/wp-json\/wp\/v2\/pages\/22"}],"collection":[{"href":"http:\/\/www.ciaobella.fr\/site\/wp-json\/wp\/v2\/pages"}],"about":[{"href":"http:\/\/www.ciaobella.fr\/site\/wp-json\/wp\/v2\/types\/page"}],"author":[{"embeddable":true,"href":"http:\/\/www.ciaobella.fr\/site\/wp-json\/wp\/v2\/users\/2"}],"replies":[{"embeddable":true,"href":"http:\/\/www.ciaobella.fr\/site\/wp-json\/wp\/v2\/comments?post=22"}],"version-history":[{"count":42,"href":"http:\/\/www.ciaobella.fr\/site\/wp-json\/wp\/v2\/pages\/22\/revisions"}],"predecessor-version":[{"id":12451,"href":"http:\/\/www.ciaobella.fr\/site\/wp-json\/wp\/v2\/pages\/22\/revisions\/12451"}],"wp:featuredmedia":[{"embeddable":true,"href":"http:\/\/www.ciaobella.fr\/site\/wp-json\/wp\/v2\/media\/6289"}],"wp:attachment":[{"href":"http:\/\/www.ciaobella.fr\/site\/wp-json\/wp\/v2\/media?parent=22"}],"curies":[{"name":"wp","href":"https:\/\/api.w.org\/{rel}","templated":true}]}}